rime factors of (-22342)/(-11) - 44/484.
3, 677
Let q = 200 - -37. List the prime factors of q.
3, 79
Let o = -16 + -15. What are the prime factors of (-20)/5 - (o - -1)?
2, 13
Suppose 3*w + 3*d = 0, 2*w + 3*d + 28 = 6*w. Suppose -w*f + 6 = -146. List the prime factors of f.
2, 19
Suppose 6*l = 5*l + 4. Let t be l*1 - (-2)/(-1). What are the prime factors of -2 - (-8 - (1 - t))?
5
Suppose -258 = -10*t + 8*t. Let d = 294 - t. List the prime factors of d.
3, 5, 11
Suppose -9*c + 13894 = -7481. What are the prime factors of c?
5, 19
Let o = 1168 + -301. What are the prime factors of o?
3, 17
Let f(k) = k + 13. Let m be f(-7). Suppose m = 4*p + 5*z, 3*z + 10 = 3*p + 4*z. Suppose -3*c + 37 = p. What are the prime factors of c?
11
Let p be 464/20 - 3/15. Let m = 17 - p. Let f = 24 + m. What are the prime factors of f?
2, 3
Let p be 2*(-12)/(-16)*2. Suppose -2*m - 4*f - p - 21 = 0, f - 3 = m. Let a = 24 + m. List the prime factors of a.
2, 3
Let y(s) = -5*s + 32. What are the prime factors of y(-18)?
2, 61
Let h be 61/(-2) + (-7)/(-14). Let x be (-4 - (-2)/4)*14. Let s = h - x. What are the prime factors of s?
19
Let m(h) = -h**3 - 17*h**2 - 28*h - 48. What are the prime factors of m(-16)?
2, 3
List the prime factors of (-5 + 6)*(-2 + 4 + 240).
2, 11
Let v(y) = -2*y**2 + 7*y - 2. Let i be v(6). Let d be ((-30)/12)/((-2)/i). Let r = -29 - d. List the prime factors of r.
11
Let o(k) be the first derivative of k**3/3 - k**2 - 15*k - 2. Let d be o(-8). Suppose b - 19 = 2*r - 3*r, -b - d = -3*r. What are the prime factors of r?
3, 7
Suppose 3*a + 111 = -0*a. Let k(g) = -5*g - 23. Let i be k(-4). What are the prime factors of a/(-7 - i - -3)?
37
Suppose -3*c - 3*c + 2490 = 0. What are the prime factors of c?
5, 83
Suppose -2*z - k = -0*k - 28, -5*z - 2*k = -72. Suppose 2*m = 500 - z. List the prime factors of m.
2, 11
Let i = 2178 + -1543. List the prime factors of i.
5, 127
Suppose 3*j = 4*r - 40, -j = -0*r - 4*r + 32. Let a = 9 + r. List the prime factors of a.
2
Suppose -9*m + 15830 = -3016. What are the prime factors of m?
2, 3, 349
Let k be (-2)/(-13) + (-128)/(-13). Suppose k*a - 5*a = 540. List the prime factors of a.
2, 3
Let h = 85 + -84. Let p(s) be the third derivative of 11*s**5/30 - s**4/12 + s**3/6 - s**2. List the prime factors of p(h).
3, 7
Suppose -8*h + 1 = -7. Let g = 3 - h. Suppose -2*f + 168 = g*f. List the prime factors of f.
2, 3, 7
Let c = -10 - -12. Suppose -c*r + 238 = 24. List the prime factors of r.
107
Suppose -r - 6*r + 28 = 0. Suppose 0 = -r*s, -s + 4 + 4 = 4*f. Suppose b - 4 = f. List the prime factors of b.
2, 3
Let h(b) = b**3 - b**2 + 2*b. Let n be h(1). Suppose n*j - 3*j = -42. What are the prime factors of j?
2, 3, 7
Let d = 2872 - 2272. What are the prime factors of d?
2, 3, 5
Suppose 0 = 5*f - 5*s - 75, 3*s + 69 = 5*f - 0*s. Suppose -3*x + f = -4*x - 5*o, 0 = -5*o. List the prime factors of (36/14)/(x/(-112)).
2, 3
Suppose -2*z = 42*z - 159852. What are the prime factors of z?
3, 7, 173
Let r be -85 - (4 - (-8)/(-2)). Let x = -52 - r. List the prime factors of x.
3, 11
Let m(r) = 13*r**2 - r + 10. Let b be m(3). Let t = b + -27. What are the prime factors of t?
97
Let y be 93714/42 + (-2)/7. Suppose -5*g + 909 + y = 0. What are the prime factors of g/28 + (-9)/21?
2, 11
Suppose 0 = 3*y + 2*c - 296, -2*y - c + 301 = y. What are the prime factors of 12762/y - 4/34?
5
Let w be ((-1)/(-2))/(1*(-2)/20). Let v = 35 + w. What are the prime factors of v?
2, 3, 5
Let b(f) = -f + 11. Let c be b(6). Suppose -6*y = -5*n - y + 245, -24 = -n - 4*y. Suppose n = 6*r - c*r. List the prime factors of r.
2, 11
Let b = 24 - -6. Let m = -10 - -19. Suppose m*r - b = 4*r. What are the prime factors of r?
2, 3
Suppose -o + 4*o - 10 = -y, 4*o - 3*y = 9. Suppose 2*c = o*j + 42, 0 = c + 4*j + 17 - 49. List the prime factors of c.
2, 3
Let p = -1520 + 2194. What are the prime factors of p?
2, 337
Suppose -3*p = -0*q - 2*q - 4513, -5*p - 4*q + 7529 = 0. List the prime factors of p.
5, 7, 43
Let q = 563 + -126. List the prime factors of q.
19, 23
Let q be (-4)/((-24)/435)*(-64)/(-20). Let a = q - 103. What are the prime factors of a?
3, 43
Let s be 46/8 + (-72)/96. Suppose -s*y = 15, y - 455 = -4*p + 6*y. List the prime factors of p.
2, 5, 11
Suppose 3*r + r = -652. What are the prime factors of r/(-1) - (2 + (0 - -2))?
3, 53
Suppose 3*k - 3302 = -5*n, 3*k - 294 - 3012 = -3*n. What are the prime factors of k?
2, 3, 23
Let q = -214 - -642. Suppose -5*m = -q - 32. List the prime factors of m.
2, 23
Suppose o = 8*o - 63. What are the prime factors of 24*o/(36/8)?
2, 3
Let k be 4/10 - (2 - 1468/(-20)). Let c = 138 + k. List the prime factors of c.
3, 7
Suppose -2*j = -5*v - 1618, -3*v = 1 - 13. List the prime factors of j.
3, 7, 13
Let t be ((-4)/10)/((-2)/10). Let u = 917 - 841. Suppose 4*q = t*q + u. List the prime factors of q.
2, 19
Suppose 13*t - 21215 = 38611. List the prime factors of t.
2, 3, 13, 59
Let w(i) = 5 + 34*i - 2 + 3 + 4. Let j be w(5). Suppose -5*d + d = -j. List the prime factors of d.
3, 5
Suppose 2*b - 4*m = -36, m - 1 - 3 = 0. Let t = 27 + b. Suppose 4*a - 11 = t. What are the prime factors of a?
7
Suppose 3*w + 2*x + 0 = 14, 0 = 2*w - x. Suppose -w*n - 3*k + 3 = -9, 2*k = 3*n - 5. Let z = 33 + n. What are the prime factors of z?
2, 3
Let b(c) = -83*c**3 - 3*c**2 - 96*c - 190. What are the prime factors of b(-2)?
2, 3, 109
Let m = -437 + 883. List the prime factors of m.
2, 223
Suppose -2 = q, 4*h - 1806 = 2*h - q. What are the prime factors of h?
2, 113
Let i = 59 - 34. Suppose 0 = -2*d + i - 15. What are the prime factors of d?
5
Let r be 1/(-3) - (-26)/(-3). Let w = 8 + r. List the prime factors of (-42)/w*5/15.
2, 7
Suppose 5*i + 26 = r, 4*i = 3*r - i - 28. Let z be (6/(-8))/(r/(-144)). Suppose z = 6*s - 3*s. List the prime factors of s.
2, 3
Let t(c) = -6*c**3 + 2*c**2 + 3*c + 2. Let b be t(-1). Let r = b + 35. What are the prime factors of r?
2, 3, 7
Let l(i) = 2*i**2 + 16*i + 14. Let j be l(-10). Let k = j - -10. Suppose -12 = 2*w - k. List the prime factors of w.
2, 13
Let c(q) = -q**3 + 13*q**2 - 10*q - 30. Let m be c(13). Let k = 163 + m. List the prime factors of k.
3
Suppose -3*p + 54 = -9*p. Let o = -13 + p. Let d = o + 40. List the prime factors of d.
2, 3
Suppose -3*p + 4*p - 5*d = 57, 0 = 3*p - 2*d - 132. Suppose -p = w + w. Let u = 45 + w. List the prime factors of u.
2, 3
Let c(p) = -156*p**3 + 3*p**2 - 2*p. Let q be c(2). Let u be (-44*1)/(0 - -1). What are the prime factors of (-2)/11 + q/u?
2, 7
What are the prime factors of -153*(200/(-24) - -3)?
2, 3, 17
Let b(n) = 144*n + 7. Let p be b(1). Suppose -5*l + p = -154. What are the prime factors of l?
61
Suppose 4372 = 6*m - 20. List the prime factors of m.
2, 3, 61
Let d(s) be the first derivative of 2*s**3/3 - 5*s**2/2 - s - 7. What are the prime factors of d(6)?
41
List the prime factors of (-14 - -6) + 0 + 85.
7, 11
Let b(r) = 4*r**2 + 110. Let z = 4 + -4. What are the prime factors of b(z)?
2, 5, 11
Suppose 23*f + 14*f = 11914. What are the prime factors of f?
2, 7, 23
Let d(r) = r**3 + 7*r**2 - 10*r - 19. Let j(i) = -i**3 + 8*i - 3. Let x be j(3). List the prime factors of d(x).
7, 11
Let t = -2 + -3. Let a = t - 0. What are the prime factors of a*(-3 + 0 + -1)?
2, 5
List the prime factors of (123/2)/(-1 - 344/(-320)).
2, 5, 41
Suppose w + 8 = 5*w. Let y = 45 - w. What are the prime factors of y?
43
Let n be (1 - 1) + (2 - -2). Suppose -3*y - 80 = -n*y. What are the prime factors of y?
2, 5
Let f be 70/(-36)*14 + 8/36. Let a = -6 - -4. Let w = a - f. What are the prime factors of w?
5
Let g be 78 - (3 + (-16)/2). Let n = g + 63. List the prime factors of n.
2, 73
Suppose -y = 3*f - 1591, 776 = 2*f - y - 293. List the prime factors of f.
2, 7, 19
Let p(l) = l**3 + 2*l + 78. List the prime factors of p(0).
2, 3, 13
Let i be ((-2)/(-2))/(3/(-6)). List the prime factors of (i + 3)*2 - -45.
47
Suppose 0 = -2*s - 0*s + 12. Suppose -r - 215 = -s*r. Let f = 101 - r. What are the prime factors of f?
2, 29
Let v(u) = -u - u + 0*u. Let d(g) = -g**2 - 3*g + 3. Let l be d(-5). What are the prime factors of v(l)?
2, 7
Let z = -520 - -888. What are the prime factors of z?
2, 23
List the prime factors of -4 + -5 + 4 + 272.
3, 89
List the prime factors of 2/(-8) + -